alse
Let z(i) = -5753*i - 1827. Is z(-22) composite?
False
Suppose 0 = s - 4*f, 3*s + 5*f - 42 = 3*f. Let k(i) = 3*i - 30. Let o be k(s). Suppose o*p = -7679 + 34289. Is p a prime number?
False
Suppose -628144 = 10*j + 25*j - 3071389. Is j composite?
True
Suppose 4*b = 2*k + 22, 2*k - b = 6*k - 1. Is k*(-1)/1*1655 a prime number?
False
Let h = -44388 + 62977. Is h composite?
True
Let x(w) = -224*w + 1. Let q(y) = 438*y - 2. Let c(f) = -3*q(f) - 5*x(f). Suppose -4*u + 2 = 5*l, 0*u + u = -4*l + 6. Is c(u) a composite number?
False
Suppose u - b - 3763 = 0, -5*b = u - 0*u - 3739. Suppose 4*t - 1125 = -2*i + 1887, 4*i - u = -5*t. Suppose t - 3279 = -4*s. Is s a composite number?
False
Let f(b) = -76*b**2 - 36. Let m be f(26). Is m*(17/(-20) - 51/(-85)) composite?
False
Let m = 258694 - -166645. Is m prime?
False
Suppose -169*y + 38980515 = 248588. Is y composite?
True
Let q = -4 - -39. Let r = q - 35. Suppose 5*f + 4*a - 623 = r, 3*a = 3*f - 2*a - 359. Is f a prime number?
False
Let x = -1 + -62. Is (-23674)/(-18) - (-14)/x composite?
True
Let v(t) = t**3 + 15*t**2 + 43*t + 1. Let j be v(-4). Suppose j*k - 11972 = -x, -4*x + x = -5*k + 11984. Is k composite?
True
Suppose -8*v = -21*v + 4789421. Is v a prime number?
False
Let q = 1481 + -27. Let r be (-4 - (-874 - -4)) + 1. Let a = q - r. Is a prime?
True
Let p(j) = 9*j**2 - 68*j - 28. Let w(q) = -25*q**2 + 202*q + 85. Let z(d) = 11*p(d) + 4*w(d). Is z(35) prime?
True
Let l = -7 + 22. Let k(t) = 346*t - 53. Is k(l) a composite number?
True
Let m = -7 + 5. Let q be 10*(-1 + -2 - m)/(-1). Let s(u) = 40*u + 19. Is s(q) prime?
True
Let g be 6095448/(-144) + 5/2. Is (38/(-57))/(3*2/g) prime?
True
Let l(r) = 964*r**2 - 1779*r + 1. Is l(16) prime?
False
Let x(c) = -8*c**3 - c**2 + c + 2. Let p be x(-1). Suppose 5*f - 1250 = -5*s, -1250 = -p*s + 3*s - 2*f. Let o = s - 137. Is o composite?
False
Suppose 0*y - 3*y = -6. Let c be y/(4 + (-45)/12). Suppose -b + 271 = 5*u, c*u - 518 = -2*b + 4*u. Is b composite?
False
Let b(t) = 165*t**2 - 35*t + 223. Is b(7) prime?
False
Suppose -307793 = -4*c + 238611. Is c a prime number?
True
Is (-2)/12*(72 - 69) + (-412030)/(-4) a prime number?
True
Suppose 2*z - 10957 = 7811. Suppose z = 9*g + 2067. Is g a composite number?
True
Let w be (-10988)/(-20) - (-14)/(-35). Suppose -3*g - 2*y + w = 0, -4*g = 22*y - 17*y - 739. Is g prime?
True
Suppose -9*c - 13 = 5. Let w = 8 + c. Is 2314/4 + -3 + 9/w composite?
False
Suppose -125*u - 125580436 = -495*u + 77854074. Is u a composite number?
True
Let m = -2169211 - -3261128. Is m a prime number?
True
Let k = -20 - -27. Let j be (k/(1 + 0))/((-21)/21). Is (j + 9)*(-2 - (-117)/6) prime?
False
Suppose -1382 - 1599 = 11*n. Let f = n - 89. Let x = f + 1195. Is x a composite number?
True
Let y = 1623 - 848. Let p = y - -894. Is p prime?
True
Let v(a) = -772*a - 147. Is v(-2) a composite number?
True
Let u = -462 - -484. Suppose -u*m = 15*m - 134791. Is m composite?
False
Suppose 36*o = -42*o + 49*o + 71311. Is o composite?
False
Suppose 0 = 2*l + 3*l + 73590. Let u = 50887 + l. Is u prime?
False
Suppose -2*j + 23 = -13. Suppose 4*s + 2*z - j = 0, -5*s + 16 = 4*z - 8. Is (-4 + s)/3 + 1555 a composite number?
True
Suppose -10*q = -2*q. Suppose q = 16*k + 3*k - 82403. Is k composite?
False
Let d be 25/2 - ((-3)/(-6) + 0). Suppose -d*t + 23442 = -6*t. Is t a composite number?
False
Let m = 84299 + 43458. Is m composite?
True
Let w be (-76)/12*(-2 + -1 + -69). Suppose -5*k + v = 4*v + 1140, 2*k + 4*v + w = 0. Let u = 565 + k. Is u prime?
True
Suppose 5*d + 278265 = 5*h, -4*h + 136000 = -3*d - 86614. Is h composite?
True
Is (8/36)/(65/(-117)) + 506134/10 prime?
False
Is (0 - 2)/((-4)/(-88702)*-1) prime?
True
Suppose -2*j + 29 + 275 = 2*d, 0 = 3*d - 3*j - 432. Let o = d + -7. Is o a composite number?
True
Suppose -5*y + 3*d = -305394, -7*y + 4*d + 305397 = -2*y. Suppose -11108 = -5*q + y. Is q composite?
False
Let w(u) = 5*u + 7. Let c be w(-2). Let d be c/(-10)*-2 + (-30)/75. Let t(j) = 1950*j**2 + j. Is t(d) prime?
True
Is 5 + 14 + -4 - -25346 a composite number?
True
Let c = -450 - -448. Is 15394/((-1 - -5) + c) a composite number?
True
Let a(k) = 11*k**2 + 2561*k + 187. Is a(148) a prime number?
True
Suppose -49*h = -47*h - 2. Let p be h - (3941 + (-2 - -3)). Is (-2)/1*(p/(-2))/(-7) composite?
False
Suppose 4*j + y - 1897211 = 1011192, y + 727107 = j. Is j composite?
True
Is (-14)/(-10) + 8602170/75 prime?
False
Let m(o) = 2*o**2 + 17*o + 6. Let z be m(-8). Let d be 1/3*131 + z/(-6). Is (14116/d - -2) + 2/11 prime?
False
Let d(l) = 27972*l**2 - 100*l + 519. Is d(5) a prime number?
True
Let o = 154 + -152. Suppose -3*x + 180638 = u + 3*u, 0 = x + o. Is u composite?
False
Let w = -577 + -78. Let z = w - -2092. Is z a composite number?
True
Let z = -221 + 642. Let s(a) = -a**3 + 30*a**2 - 2*a + 82. Let k be s(21). Suppose 10*v - k = z. Is v a prime number?
True
Let r(d) = 7*d**3 - 15*d**2 - 15*d - 3. Let b be r(11). Suppose 2*z - 2446 = -t, -2*t - t + b = 2*z. Is (-2)/(-4)*(2 + t)*1 a prime number?
True
Suppose 9348 = 6*z - 79896. Suppose 0 = 2*h + 4*j - z, 28*h - 23*h = -j + 37230. Is h a prime number?
False
Let a(q) = q**3 - 2*q**2 - 14*q + 5. Let w be a(10). Let s = w + -202. Is s composite?
False
Let m(l) be the second derivative of 25*l**4/12 - l**3 - 16*l. Let q be m(3). Suppose 2*j = 2*u + 496, -2*j = -4*u + q - 697. Is j composite?
False
Let b(t) = 298*t - 179. Suppose 0 = 3*h - 2*k - 2*k - 5, 0 = -5*h - k + 39. Is b(h) prime?
True
Suppose 0 = 3*c - 9*b + 11*b, 0 = 3*c - 4*b. Suppose c = 41*a + a - 1194690. Is a composite?
True
Let f = -2663969 - -4113154. Is f a prime number?
False
Let m = 17 + -11. Let a be (11 - -182) + m/(-2). Let g = a - -393. Is g a composite number?
True
Is (-2)/(-4)*-12*2775231/(-54) prime?
True
Let x(d) = -d**3 + 4*d**2 + 35*d + 15. Let g be x(-6). Let b be 3*11/(g/5900). Suppose -7615 = -5*r + b. Is r prime?
True
Suppose 10850 + 85980 = -23*z. Let g = z + 11849. Is g composite?
False
Let c = 496985 - 195132. Is c prime?
False
Suppose -101 = -49*f - 3. Suppose 0 = 3*k + k - 8. Suppose k*c - 4220 = -f*c. Is c prime?
False
Is 2/(-9) + (21775452/756 - (-8)/(-28)) a composite number?
True
Let c(n) = 2182*n + 83. Is c(18) composite?
False
Is 15/(-25)*(20 + -54985) prime?
False
Let h = 33317 - -806. Is h prime?
True
Let v(m) = 9*m - 105. Let o be v(12). Suppose -943 = -o*h + 1220. Is h composite?
True
Let x(a) = 448*a**2 - 591*a + 3. Is x(-8) a composite number?
False
Let n(i) = -i**3 - 24*i**2 - 44*i + 32. Let s(h) = -h**2 - 6*h - 9. Let z be s(-5). Let d be (14 + -5 - z/(-1))*-5. Is n(d) prime?
False
Suppose -10 = -2*u, -11 - 6 = -4*n - u. Suppose -n*f + 21*f = 26244. Let a = f - 371. Is a a prime number?
True
Let j(q) = 719*q**2 - 82*q - 34. Is j(-7) composite?
False
Suppose -29 = -5*d - 3*m, 4*m = 3*d + 2*m - 6. Suppose d*v = 0, 771 + 611 = 2*p - v. Is p a composite number?
False
Suppose 2*d - 4 = l, -3*l - 2*l - 4*d + 36 = 0. Let o be (0 - l - -4)/(-1). Is 633 - (4 + -2 + (o - 0)) a prime number?
True
Suppose -39*f + 40*f - 3*w = 78067, -3*w = 2*f - 156080. Is f a prime number?
True
Let i(p) = -4*p**2 - 1590*p**3 - 8*p - 1554*p**3 - 3745*p**3 - 552*p**3 - 6. Is i(-1) prime?
False
Let v(x) = -949*x - 5835. Is v(-106) a prime number?
False
Suppose -3*z + 2*q + 50 = 0, 2 = -q - q. Suppose -2*i = -2*o + 12, 3*o - 2*i = -o + z. Suppose -4*y = -o*y - 46. Is y prime?
True
Let r be (24/20)/((54/20)/(-9)). Let g be (-160)/(-50)*(-10)/r. Suppose 0 = -3*x + g*x - 655. Is x prime?
True
Let p = -24 - -20. Let t be (p + 54/24)/((-2)/(-8)). Is (-10088)/(-14) + (-3)/t composite?
True
Let n = -530 - -497. Let h(l) = -l**3 + 33*l**2 + 15*l + 26. Is h(n) a composite number?
True
Let n(s) = -4*s**2 - 19*s + 10. Suppose -4*x = -4*o - 28, -3*o - 5*x - 6 + 1 = 0. Let a be n(o). Suppose -a*h = -5249 + 864. Is h prime?
True
Let s(d) = -41*d**3 - 25*d**2 + d - 2. Let w be s(5). Let j = w + 11386. Is j composite?
False
Is ((-35)/(-10) - 3)/(16897815/(-2413974) + 7) a composite number?
False
Let y(u) = 1402*u**2. Let f be y(1). Let d(o) = -27*o - 651. Let c be d(-24). Is (f/18*6)/((-2)/c) a prime number?
True
Let w be 9/6*(-28)/(-6). Suppose 1813 = 5*q - 13*b + 15*b, 5*b - 1103 = -3*q. Suppose w*d - 4190 = -q. Is d prime?
True
Suppo